ppose 2*f - 4429 = -4*s - n, -2*s + 1461 = -3*f. What is the hundreds digit of s?
7
Let c(f) = -f**2 + 205*f - 208. What is the thousands digit of c(82)?
9
Let f(d) = d - 5. Let c be f(11). Suppose 2*p = 5*v - 2271, 2*v - c*p = -5*p + 909. What is the hundreds digit of v?
4
Suppose 1328 = 13*g + 5059. Let h = g + 295. What is the units digit of h?
8
Let t(p) = -35*p**2 - 2*p - 17 + 94*p**2 + 7*p + 0*p. What is the hundreds digit of t(-3)?
4
Let j(m) = -m**2 - 45*m + 1223. What is the tens digit of j(-57)?
3
Suppose 10*d - 16 = 54. Suppose 2472 = d*g - 1343. What is the tens digit of g?
4
Let p = -1013 - -554. Let t = 820 + p. What is the units digit of t?
1
Suppose 3*t = 0, 0 = 2*k - 7*k + 4*t + 1080. Let h be 34/187 - (2 - k/22). Let g(u) = 10*u - 5. What is the units digit of g(h)?
5
Let j(t) = 114*t - 395. Let s(x) = 111*x - 393. Let v(q) = 6*j(q) - 5*s(q). What is the units digit of v(10)?
5
Let u(c) = -145*c**3 + 11*c**2 + 28*c - 22. What is the units digit of u(-4)?
2
Suppose -5*p + 21 = 4*v, 2*v + p + 2*p - 9 = 0. Let q(c) = c**2 - 9*c + 3. Let t be q(v). Suppose 5*b - z + 4*z = 424, -t*z = 6. What is the tens digit of b?
8
Let u = 170932 - 105935. What is the hundreds digit of u?
9
Let a(z) = 261*z - 37. Let o = -327 + 330. What is the tens digit of a(o)?
4
Let f(o) = -o**3 - 6*o + 2. Let k(m) = -12*m + 55. Let c be k(5). What is the hundreds digit of f(c)?
1
Suppose -3*l = 3*n - 54516, -58746 = -5*l + 3*n + 32170. What is the ten thousands digit of l?
1
What is the units digit of -2 + (-44)/(-20) + (1 - 162507/(-15))?
5
Let i be (18/(-7))/(((-44)/(-56))/11). Let t be 1/(4/i)*62/3. Let a = 67 - t. What is the units digit of a?
3
Let b(i) = 2*i**2 - 9*i - 10. Let r(o) = o**2 - 9*o - 9. Let n(u) = -u - 4. Let v be n(-6). Let j(f) = v*b(f) - 3*r(f). What is the tens digit of j(-12)?
4
Let h be (-19)/57*(1 + -10). Let d(a) = 82*a + 43. What is the units digit of d(h)?
9
Let x(i) = 427*i**2 + 2*i - 2. Let b(v) = 2*v - 17. Let w be b(9). What is the tens digit of x(w)?
2
Suppose -17*t = -2*t - 60. Suppose -t*l - 107 + 135 = 0. What is the units digit of l?
7
Suppose 75*g - 919133 = 899065 + 493677. What is the units digit of g?
5
Let a = 1224 + 3450. What is the units digit of a?
4
What is the thousands digit of (-9 - (1 + 1861))/(1/(-14))?
6
Let f be 168/10*235/141. Suppose 0 = -26*b + f*b - 1630. What is the tens digit of b?
1
Let u(o) = 4*o - 3. Let b be u(2). Suppose -4*q - 2*d - 409 = -7*q, 0 = -b*d - 10. What is the hundreds digit of q?
1
Let g(t) = 35*t**2 + t + 2. Let u be g(-2). Let v = 505 - 286. Let o = v - u. What is the units digit of o?
9
Let q(x) = 1167*x**2 + 105*x - 40. What is the tens digit of q(7)?
7
What is the thousands digit of (-270)/(-4)*1764/15?
7
Let v(f) = -f**3 + 25*f**2 + 18*f - 54. Let b = 326 - 301. What is the tens digit of v(b)?
9
Suppose 0 = 5*s - 3*w - 55037, s = 5*w + 5262 + 5763. What is the ten thousands digit of s?
1
Let l = 70191 + -18828. What is the ten thousands digit of l?
5
What is the units digit of (1*-1933)/(-24 - 4046/(-170))?
5
Let j = 911 - 620. What is the tens digit of (-294)/7*j/(-18)?
7
Suppose 22*i - 26*i = -2708. Let k = i - 534. What is the tens digit of k?
4
What is the tens digit of 2544*80/384*16?
8
Let y = -8285 + 14460. What is the tens digit of y?
7
Suppose 69047 + 319473 = 73*o - 76271. What is the units digit of o?
7
Let p = -3210 - -16823. What is the thousands digit of p?
3
Suppose 2*a - 343 - 241 = -3*h, 1192 = 4*a + 2*h. What is the units digit of a?
1
Let v = 405 + 52. Let t(m) = m**2 - 4*m - 8. Let p be t(6). Suppose -p*z - 37 = -v. What is the tens digit of z?
0
Let h(f) = 245*f**2 + 3*f - 36. Let l be h(4). Suppose -834 = -10*u + l. What is the units digit of u?
3
Let q(f) = -f**2 + 5*f + 5. Let t be q(4). Suppose t*v - 19 = 8. Suppose -y = -4*a - 3*y + 62, 2*y - 48 = -v*a. What is the units digit of a?
4
Suppose -12*u + 27436 = -80940 - 57716. What is the ten thousands digit of u?
1
Suppose -16*f - 71 + 7 = 0. What is the tens digit of (-1)/(-4)*211*f*-7?
7
Let z = -32373 - -46653. What is the ten thousands digit of z?
1
Let k be 1/(-4) + (-5005)/(-20). Suppose 2*r + k = 6*v - v, 5*r - 3*v = -587. Let h = -49 - r. What is the units digit of h?
6
Suppose -10*i + 8*i - 3*t + 1 = 0, 7 = i - 5*t. Suppose n = -2*o + 763, i*o + 0*n - 793 = 5*n. What is the units digit of o?
4
Let x = -50 + 51. Let j(p) = 4*p**3 + p**2 - 2*p + 1. Let n be j(x). Suppose n*h - 48 = -4*l, 3*l = 3*h - 21 - 27. What is the tens digit of h?
1
What is the thousands digit of (-41134)/(-18)*(170 - 161)?
0
Let d(z) = -z**3 - 19*z**2 + 54*z - 12. Let x be d(-23). Suppose 56*w - 55*w = 3*n + x, 852 = w - n. What is the hundreds digit of w?
8
Suppose -r + w + 1 + 15 = 0, 2*r = -w + 20. Suppose -655 = -y + r. What is the hundreds digit of y?
6
Let c(q) = q**2 - 4*q**3 + q**2 - 10*q - 6 + 8*q**3. Let y be c(-4). Let l = 280 + y. What is the units digit of l?
0
Suppose 3*d - 33215 = -y, 586*y - 591*y - 4*d = -165998. What is the thousands digit of y?
3
Suppose -9*n - 875111 = -31*n + 368351. What is the units digit of n?
1
Suppose 5*b + 2*w - 70235 = 0, 0 = 58*b - 53*b + w - 70230. What is the tens digit of b?
4
Let l = 329 + 148. Suppose -n = -4*n + l. Let u = -40 + n. What is the units digit of u?
9
Suppose -42*j + 66960 + 18300 = 0. What is the hundreds digit of j?
0
What is the hundreds digit of (-30611)/(-175)*5 + (-12)/(-30)?
8
What is the units digit of ((-492)/(-10))/(7 + 19704/(-2820))?
4
Suppose 191*m + 4232 = 95*m + 104*m. What is the units digit of m?
9
What is the units digit of (-38652)/14*((-12040)/24)/43?
0
Let x be ((-16)/14)/4 - 440/28. Let g(h) = h**3 + 17*h**2 - 16*h + 5. What is the units digit of g(x)?
7
Suppose 2*s - 92032 = -4*q, 1461*s - q = 1462*s - 46015. What is the thousands digit of s?
6
What is the tens digit of (((-27)/(-30))/((-87)/145))/((-2)/44972)?
2
Let x(r) = r**2 + 8*r + 27. Let a(y) be the third derivative of -y**4/3 + 23*y**3/3 + 28*y**2. Let h be a(8). What is the tens digit of x(h)?
0
Let o be (13/((-195)/10))/(1/3). What is the tens digit of -7 - (0 - (-1890)/o)?
3
Suppose 3035 = l + 2*b, 79*l - 3*b = 80*l - 3030. What is the units digit of l?
5
Let t be 6/12 - (-282)/12. What is the units digit of (136/t - 6)*-2913?
1
Suppose -3*g = -48*g + 488745. What is the units digit of g?
1
Let x = 6 - 39. Let f = 9 + x. What is the units digit of 6*((-1036)/f + 3)?
7
Let p(u) = 4*u**2 + 83*u - 24. Let m be p(-23). Let i = 425 + m. What is the hundreds digit of i?
6
Let o = -381 + 380. What is the units digit of o/2 + (-636)/(-8)?
9
Suppose -30803 = -4*g - u, -398*u + 393*u = 4*g - 30783. What is the hundreds digit of g?
7
Let x = 18077 + -4823. What is the tens digit of x?
5
Suppose 4*o - 5*w - 98 = -2*w, 0 = 3*o + 5*w - 59. Let i = -17 + o. Suppose -i*t + 11*t - 550 = 0. What is the hundreds digit of t?
1
Let y be 15 + (5 - 4)*-5. Let r(l) = l**2 - 14*l + 40. Let h be r(y). Suppose 3*b - 768 = 3*c, -3*b + 771 = -h*b - 2*c. What is the tens digit of b?
5
Let q = 31501 + -21891. What is the thousands digit of q?
9
Suppose -3973 = -c - 5*d, -1677 - 2246 = -c + 5*d. What is the thousands digit of c?
3
What is the hundreds digit of (-76 + 2004)*(-13)/(-2)?
5
Let g(u) = -7 + 4*u + 0*u - 16*u + 3*u. Let x = -4 + 2. What is the tens digit of g(x)?
1
What is the units digit of (-1236)/3*-40 - 12?
8
Let n be -1 + (135 + 1)/((-9)/126). What is the hundreds digit of ((n/(-4))/(-3))/((-24)/96)?
6
Suppose -o + 778 = o + 3*j, -3*j = -3*o + 1137. Suppose o = z + 2*s, 0*z + z + 4*s = 385. Let q = z - 224. What is the units digit of q?
7
Let a(l) = l**3 - 14*l**2 - 21*l - 15. Let q be a(16). Let y = q + -306. Let h = -90 - y. What is the units digit of h?
5
Let p = -32 - -37. Let v be (1050 - p)/5 + (1 - 0). Suppose -j + 4*d + v = j, 2*d = 2*j - 202. What is the tens digit of j?
9
Suppose -3 = m, 18 = 4*h - m - 465. Suppose -3*d + 4*d + 2*p = h, -4*d = 3*p - 495. What is the tens digit of d?
2
Let b(l) be the second derivative of 7*l**4/12 - l**3/2 - 3*l**2 + 11*l. Let p be b(-5). Suppose -p = 24*t - 28*t. What is the units digit of t?
6
Let c = 3254 + 1014. What is the tens digit of c?
6
Suppose 3*t - 6*n + 7*n - 27934 = 0, 4*n = -4*t + 37232. What is the thousands digit of t?
9
Sup